
0
What is the remainder when 233 is divided by 8?
1
Calculate the remainder when 676 is divided by 171.
163
What is the remainder when 296 is divided by 25?
21
Calculate the remainder when 389 is divided by 58.
41
What is the remainder when 730 is divided by 227?
49
What is the remainder when 2338 is divided by 67?
60
Calculate the remainder when 166 is divided by 45.
31
What is the remainder when 177 is divided by 25?
2
Calculate the remainder when 121 is divided by 35.
16
Calculate the remainder when 313 is divided by 81.
70
What is the remainder when 159 is divided by 66?
27
Calculate the remainder when 143 is divided by 53.
37
What is the remainder when 632 is divided by 127?
124
Calculate the remainder when 661 is divided by 5.
1
What is the remainder when 161 is divided by 62?
37
Calculate the remainder when 4822 is divided by 67.
65
Calculate the remainder when 267 is divided by 73.
48
Calculate the remainder when 135 is divided by 17.
16
What is the remainder when 311 is divided by 26?
25
What is the remainder when 41 is divided by 9?
5
Calculate the remainder when 191 is divided by 110.
81
What is the remainder when 169 is divided by 11?
4
What is the remainder when 850 is divided by 14?
10
What is the remainder when 365 is divided by 42?
29
Calculate the remainder when 27 is divided by 7.
6
What is the remainder when 1242 is divided by 251?
238
What is the remainder when 94 is divided by 18?
4
What is the remainder when 142 is divided by 48?
46
Calculate the remainder when 151 is divided by 49.
4
Calculate the remainder when 804 is divided by 26.
24
Calculate the remainder when 876 is divided by 288.
12
Calculate the remainder when 352 is divided by 24.
16
Calculate the remainder when 739 is divided by 10.
9
Calculate the remainder when 1399 is divided by 10.
9
What is the remainder when 67 is divided by 5?
2
What is the remainder when 206 is divided by 26?
24
Calculate the remainder when 11680 is divided by 205.
200
Calculate the remainder when 354 is divided by 33.
24
Calculate the remainder when 144 is divided by 119.
25
Calculate the remainder when 1909 is divided by 28.
5
What is the remainder when 111 is divided by 20?
11
What is the remainder when 197 is divided by 78?
41
What is the remainder when 936 is divided by 157?
151
Calculate the remainder when 40 is divided by 19.
2
Calculate the remainder when 525 is divided by 10.
5
What is the remainder when 834 is divided by 274?
12
What is the remainder when 7076 is divided by 373?
362
What is the remainder when 321 is divided by 25?
21
Calculate the remainder when 245 is divided by 9.
2
What is the remainder when 823 is divided by 41?
3
Calculate the remainder when 642 is divided by 14.
12
Calculate the remainder when 297 is divided by 18.
9
What is the remainder when 24 is divided by 19?
5
What is the remainder when 88 is divided by 12?
4
What is the remainder when 8365 is divided by 158?
149
Calculate the remainder when 358 is divided by 92.
82
What is the remainder when 151 is divided by 54?
43
What is the remainder when 2147 is divided by 312?
275
Calculate the remainder when 34 is divided by 20.
14
What is the remainder when 155 is divided by 12?
11
What is the remainder when 2527 is divided by 55?
52
What is the remainder when 492 is divided by 69?
9
Calculate the remainder when 192 is divided by 20.
12
What is the remainder when 5965 is divided by 17?
15
Calculate the remainder when 3586 is divided by 23.
21
Calculate the remainder when 162 is divided by 42.
36
Calculate the remainder when 97 is divided by 52.
45
Calculate the remainder when 711 is divided by 18.
9
Calculate the remainder when 54 is divided by 21.
12
Calculate the remainder when 1341 is divided by 74.
9
Calculate the remainder when 79 is divided by 42.
37
Calculate the remainder when 123 is divided by 24.
3
What is the remainder when 192 is divided by 66?
60
Calculate the remainder when 8072 is divided by 27.
26
What is the remainder when 3324 is divided by 95?
94
What is the remainder when 95 is divided by 12?
11
What is the remainder when 821 is divided by 281?
259
Calculate the remainder when 1311 is divided by 8.
7
What is the remainder when 1741 is divided by 7?
5
Calculate the remainder when 1987 is divided by 71.
70
Calculate the remainder when 8986 is divided by 62.
58
Calculate the remainder when 279 is divided by 18.
9
What is the remainder when 58289 is divided by 118?
115
What is the remainder when 200 is divided by 60?
20
Calculate the remainder when 194 is divided by 11.
7
What is the remainder when 71 is divided by 25?
21
What is the remainder when 90 is divided by 37?
16
What is the remainder when 2953 is divided by 185?
178
Calculate the remainder when 273 is divided by 119.
35
Calculate the remainder when 193 is divided by 26.
11
Calculate the remainder when 617 is divided by 78.
71
What is the remainder when 773 is divided by 2?
1
What is the remainder when 176 is divided by 3?
2
What is the remainder when 3854 is divided by 60?
14
Calculate the remainder when 2793 is divided by 1392.
9
What is the remainder when 971 is divided by 97?
1
What is the remainder when 409 is divided by 5?
4
What is the remainder when 332 is divided by 76?
28
What is the remainder when 283 is divided by 62?
35
What is the remainder when 209 is divided by 56?
41
Calculate the remainder when 2120 is divided by 21.
20
What is the remainder when 173 is divided by 75?
23
What is the remainder when 188 is divided by 32?
28
Calculate the remainder when 396 is divided by 25.
21
What is the remainder when 56 is divided by 23?
10
What is the remainder when 94 is divided by 39?
16
Calculate the remainder when 206 is divided by 65.
11
Calculate the remainder when 503 is divided by 42.
41
What is the remainder when 16458 is divided by 10?
8
What is the remainder when 418 is divided by 20?
18
What is the remainder when 1674 is divided by 828?
18
Calculate the remainder when 1859 is divided by 49.
46
What is the remainder when 460 is divided by 174?
112
What is the remainder when 1225 is divided by 17?
1
Calculate the remainder when 293 is divided by 59.
57
Calculate the remainder when 504 is divided by 16.
8
What is the remainder when 882 is divided by 105?
42
What is the remainder when 860 is divided by 177?
152
What is the remainder when 33 is divided by 16?
1
What is the remainder when 1647 is divided by 22?
19
Calculate the remainder when 478 is divided by 13.
10
Calculate the remainder when 193 is divided by 7.
4
What is the remainder when 69 is divided by 21?
6
What is the remainder when 741 is divided by 14?
13
What is the remainder when 65 is divided by 24?
17
Calculate the remainder when 74 is divided by 25.
24
What is the remainder when 599 is divided by 86?
83
Calculate the remainder when 3028 is divided by 3.
1
Calculate the remainder when 175 is divided by 58.
1
Calculate the remainder when 3 is divided by 2.
1
Calculate the remainder when 2068 is divided by 18.
16
Calculate the remainder when 446 is divided by 90.
86
Calculate the remainder when 2796 is divided by 233.
0
What is the remainder when 2736 is divided by 304?
0
What is the remainder when 54 is divided by 12?
6
Calculate the remainder when 339 is divided by 49.
45
Calculate the remainder when 99 is divided by 26.
21
What is the remainder when 6589 is divided by 32?
29
Calculate the remainder when 91 is divided by 28.
7
What is the remainder when 191 is divided by 54?
29
What is the remainder when 34 is divided by 15?
4
Calculate the remainder when 170 is divided by 37.
22
What is the remainder when 1058 is divided by 15?
8
Calculate the remainder when 3400 is divided by 148.
144
What is the remainder when 6253 is divided by 59?
58
What is the remainder when 381 is divided by 379?
2
Calculate the remainder when 181 is divided by 68.
45
What is the remainder when 1527 is divided by 30?
27
Calculate the remainder when 159 is divided by 9.
6
Calculate the remainder when 395 is divided by 102.
89
Calculate the remainder when 1756 is divided by 32.
28
Calculate the remainder when 350 is divided by 30.
20
What is the remainder when 19 is divided by 4?
3
Calculate the remainder when 37 is divided by 15.
7
What is the remainder when 217 is divided by